
-283
Let f(d) = 298*d + 17235. Determine f(-53).
1441
Let u(m) = m**3 - 867*m**2 + 22676*m + 3278. Calculate u(840).
-82
Let w(x) = -x**2 - 114*x - 1349. Calculate w(-102).
-125
Let k(g) = -g**3 + 9*g**2 - 171*g + 1293. What is k(12)?
-1191
Let z(v) = 9*v**3 - 103*v**2 + 1226*v - 12997. Determine z(11).
5
Let h(r) = -58*r**2 - 575*r + 145. What is h(-10)?
95
Let v(z) = 19*z**3 - z**2 - 2113*z + 2113. Determine v(1).
18
Let f(h) = 5*h**3 - 856*h**2 + 18293*h - 81. Calculate f(25).
369
Let c(j) = -93*j**2 - 2987*j + 107. Give c(-31).
3331
Let y(r) = 21946*r - 65706. Give y(3).
132
Let r(m) = -12117*m - 472526. Calculate r(-39).
37
Let d(l) = 489*l**3 - 13*l**2 - 56*l - 46. Calculate d(-1).
-492
Let g(z) = -z**2 + 280*z + 7811. Calculate g(-27).
-478
Let v(i) = -4452*i + 22268. Give v(5).
8
Let x(i) = i**2 + 198*i - 99096. Determine x(231).
3
Let b(u) = 8*u**2 - 1252*u - 569. What is b(157)?
59
Let d(b) = b**3 - 44*b**2 + 420*b - 86. Give d(14).
-86
Let g(r) = -1663*r - 44962. Calculate g(-27).
-61
Let t(d) = -7*d**2 + 13041*d + 117449. Calculate t(-9).
-487
Let h(d) = -d**3 - 4*d**2 - 4594*d - 41769. Determine h(-9).
-18
Let d(f) = -9*f**3 + 2*f**2 + 27598*f + 27597. Determine d(-1).
10
Let z(l) = -2*l**2 - 30267*l - 272320. What is z(-9)?
-79
Let l(w) = -w**3 - 72*w**2 + 119*w + 13467. Calculate l(-71).
-23
Let c(p) = 23*p**3 + 98*p**2 - 689*p - 2. Determine c(-8).
6
Let i(l) = 2*l**3 + 3*l**2 - 26337*l - 157694. Determine i(-6).
4
Let v(p) = -p**3 + 95*p**2 - 921*p + 1374. Determine v(84).
1626
Let a(h) = 3396*h - 20090. Calculate a(6).
286
Let x(i) = i**2 + 990*i + 118995. Calculate x(-140).
-5
Let j(u) = -641*u + 26931. Determine j(42).
9
Let k(m) = m**2 + 763*m - 37669. Determine k(47).
401
Let b(o) = 2*o**2 - 1760*o + 239187. Determine b(168).
-45
Let u(w) = 8*w**3 - 3*w**2 + 5275*w + 5277. Calculate u(-1).
-9
Let q(b) = -b**2 - 210*b - 2726. Give q(-14).
18
Let i(n) = -3*n**2 + 169*n - 1900. Give i(16).
36
Let q(f) = 9*f**3 - 345*f**2 + 239*f - 4756. What is q(38)?
-6
Let w(x) = 2*x**3 - 289*x**2 - 99*x - 6590. Give w(145).
80
Let q(d) = 3*d**2 - 27*d - 996. Calculate q(26).
330
Let b(t) = 141*t**2 - 31*t - 6. Give b(3).
1170
Let p(h) = 1648*h + 26381. Give p(-16).
13
Let d(v) = v**3 - 38*v**2 + 300*v + 55. Determine d(26).
-257
Let d(h) = h**3 + 38*h**2 + 324*h - 72. Determine d(-25).
-47
Let r(z) = 2*z**3 + 129*z**2 - 464*z + 809. Determine r(-68).
-7
Let v(j) = j**2 + 1626*j + 172663. Calculate v(-114).
295
Let z(i) = -831*i - 210656. What is z(-254)?
418
Let a(q) = -q**2 - 881*q + 57456. Calculate a(61).
-6
Let r(k) = 6*k**2 + 832*k + 3649. What is r(-132)?
-1631
Let z(p) = -p**3 - 46*p**2 - 118*p - 5748. Give z(-46).
-320
Let h(q) = 186*q**2 - 445*q + 442. Determine h(1).
183
Let l(z) = -z**2 - 137*z - 1335. Calculate l(-131).
-549
Let n(i) = 32241*i + 1160682. What is n(-36)?
6
Let m(w) = -3182*w - 1893294. What is m(-595)?
-4
Let b(i) = i**3 - 32*i**2 + 187*i + 650. Give b(16).
-454
Let s(h) = -9*h**2 - 363*h - 641. Determine s(-44).
-2093
Let x(d) = 556*d - 183284. Give x(330).
196
Let f(s) = -3*s**3 + 262*s**2 - 2994*s + 278953. Determine f(88).
-7
Let f(h) = h**2 + 395*h + 24430. Determine f(-319).
186
Let n(c) = -5*c**3 + 41*c**2 - 19*c + 75. What is n(8)?
-13
Let i(c) = c**3 + 821*c**2 - 32669*c - 23216. What is i(-859)?
-23
Let s(d) = 4*d**2 + 1120*d - 3378. Calculate s(3).
18
Let a(g) = -g**3 - 38*g**2 + 1348*g + 748. Determine a(-60).
-932
Let u(t) = -9012*t**2 - 108112*t + 382. Calculate u(-12).
-2
Let p(g) = -g**3 + 42*g**2 + 39*g - 4769. Determine p(40).
-9
Let b(d) = d**3 - 40*d + 76. Give b(11).
967
Let h(a) = a**2 - 1139504*a + 6836992. Give h(6).
4
Let l(g) = -33*g**2 - 1375*g - 8894. Give l(-8).
-6
Let c(k) = -k**3 - 693*k**2 + 4895*k + 29. Calculate c(7).
-6
Let b(w) = -136*w - 426. Calculate b(-3).
-18
Let r(h) = -81*h**2 - 53*h - 349. Give r(-5).
-2109
Let q(a) = 8*a**2 - 1311*a + 1127. Calculate q(163).
-14
Let c(b) = 2*b**3 - 17*b**2 + 7*b - 14. Give c(0).
-14
Let b(t) = 21*t**2 - 49*t + 267. Give b(5).
547
Let h(k) = k**3 - 169*k + 4. What is h(13)?
4
Let f(c) = -2*c**2 - 57570*c + 3750504. Calculate f(65).
4
Let u(b) = -b**3 - 237*b**2 + 979*b + 3653. Calculate u(-241).
38
Let l(a) = -2*a**2 - 5670*a + 148817. Give l(26).
45
Let u(j) = -44*j**2 - 669*j + 6582. Give u(-22).
4
Let i(v) = -4*v**3 - 22*v**2 - 2158*v - 2142. What is i(-1)?
-2
Let j(k) = 174*k**2 + 670*k - 984. Determine j(-5).
16
Let j(t) = -4135*t - 471398. What is j(-114)?
-8
Let x(b) = 8*b**2 + 373*b - 3516. Give x(8).
-20
Let o(l) = 12*l**3 - 26*l**2 - 64*l - 71. Calculate o(5).
459
Let n(l) = 514*l - 9312. Give n(18).
-60
Let p(f) = 57*f**3 + 1141*f**2 + 35*f + 304. Give p(-20).
4
Let u(c) = -3*c**3 + 4*c**2 + 85*c + 375. Determine u(-6).
657
Let z(c) = c**2 - 3489*c - 63118. Calculate z(-18).
8
Let v(l) = -360922*l - 24542701. Calculate v(-68).
-5
Let s(o) = -8*o**3 - 580*o**2 - 345*o - 3714. Calculate s(-72).
390
Let q(t) = -22*t**2 - 2634*t - 78493. Determine q(-56).
19
Let s(t) = 2*t**3 + 5*t**2 - 711*t - 2845. Determine s(-4).
-49
Let i(m) = -61063*m + 47. Calculate i(0).
47
Let o(p) = -4741*p + 255868. Determine o(54).
-146
Let d(x) = -5*x**2 - 199*x - 135. Calculate d(-44).
-1059
Let s(l) = l**3 + 26*l**2 + 3099*l + 35227. Calculate s(-12).
55
Let u(s) = -7376*s - 14769. Give u(-2).
-17
Let q(h) = h**3 - 911*h**2 + 199290*h - 20. Give q(546).
-20
Let c(u) = -3*u**2 - 7434*u + 29777. Give c(4).
-7
Let h(g) = -80*g - 4268. Give h(-63).
772
Let x(r) = 6*r**3 - 15*r**2 - 18*r + 37. Determine x(2).
-11
Let v(n) = 30*n**3 + 1070*n**2 - 380*n - 590. Give v(-36).
130
Let p(b) = -9645*b + 85674. Give p(9).
-1131
Let w(j) = -j**2 + 3546. Give w(60).
-54
Let b(i) = -i**3 - 65*i**2 - 442*i + 639. What is b(-57)?
-159
Let w(y) = -y**3 - 560*y**2 - 1675*y - 2232. Calculate w(-557).
-4
Let v(o) = o**2 - 82*o - 3216. What is v(111)?
3
Let x(y) = -4*y**3 + 31*y**2 + 102*y - 502. Determine x(9).
11
Let z(b) = -547*b**2 - 197*b - 8. Determine z(2).
-2590
Let c(n) = 17*n**3 + 124*n**2 + 40*n + 22. What is c(-7)?
-13
Let y(x) = x**3 - 3*x**2 - 24*x - 471. Give y(10).
-11
Let o(j) = -2*j**2 - 145*j - 676. What is o(-7)?
241
Let t(h) = h**3 + 8*h**2 + 451*h + 4140. What is t(-9)?
0
Let z(t) = 31204*t - 156115. Determine z(5).
-95
Let i(w) = 2*w**2 + 466*w - 21578. What is i(42)?
1522
Let x(l) = 15*l**3 + 2369*l**2 - 153*l - 254. Give x(-158).
-1044
Let u(t) = -3679*t - 1166217. What is u(-317)?
26
Let q(i) = i**2 - 91*i + 446. What is q(89)?
268
Let d(m) = -585*m + 12291. Determine d(21).
6
Let m(q) = -221085*q - 4200637. What is m(-19)?
-22
Let c(w) = w**2 + 78*w - 1343. Give c(-93).
52
Let z(l) = 53*l**2 - 1698*l + 16. Determine z(32).
-48
Let a(g) = 2*g**2 - 210*g - 7741. Determine a(-29).
31
Let v(b) = 3*b**3 - 342*b**2 - 15*b + 1060. Determine v(114).
-650
Let k(o) = 15363*o + 31120. Determine k(-2).
394
Let s(n) = -n**3 - 175*n**2 - 206*n - 3710. Give s(-174).
1858
Let z(h) = -h**2 - 65*h - 985. Give z(-63).
-859
Let k(c) = 3034*c**2 - 6048*c - 7. What is k(2)?
33
Let b(y) = y**3 - 48*y**2 + 106*y - 39. Give b(46).
605
Let k(i) = -29*i**3 - 52*i**2 - 152*i - 2. Determine k(-3).
769
Let n(b) = b**3 - 103*b**2 - 940*b + 5849. Determine n(111).
77
Let l(v) = 4*v**3 + 101*v**2 + 11*v + 76. Determine l(-25).
426
Let v(j) = 25321*j - 253226. Calculate v(10).
-16
Let c(n) = 14*n**3 - 22*n**2 - 244*n + 712. Give c(3).
160
Let z(j) = -647*j**2 - 3796*j + 15. Calculate z(-6).
-501
Let m(q) = -5*q - 671. What is m(-130)?
-21
Let i(b) = -2*b**2 + 371*b + 1727. What is i(190)?
17
Let q(u) = -u**3 - 8*u**2 + 1102*u - 1450. Determine q(-38).
-6
Let t(k) = -k**3 - 124*k**2 + 187*k - 8412. Give t(-126).
-222
Let d(a) = 7*a**2 - 331*a - 1447. Determine d(47).
-1541
Let z(m) = 53*m**2 + 14773*m - 18761. Determine z(-280).
-1
Let g(l) = l**3 + 143*l**2 - 289*l - 193. Calculate g(-145).
-338
Let p(m) = 398*m - 16629. Determine p(42).
87
Let h(z) = z**2 + 40*z - 16516. Give h(110).
-16
Let s(h) = 130*h + 3283. Give s(-27).
-227
Let u(c) = -503*c + 12163. Give u(24).
91
Let i(q) = 2*q**3 - 49*q**2 + 175*q - 237. Calculate i(20).
-337
Let r(b) = 11*b**2 + 1961*b + 3864. Determine r(-2).
-14
Let o(m) = -m**3 - 83*m**2 - 299*m - 4734. Calculate o(-80).
-14
Let v(f) = 6084